1 + (-7766 - -7721).
-5
(-10 + 15 - (2 - -143)) + (-16 - (-21 + 0))
-135
Evaluate 10 - (0 - (0 + 4 - (10 + 4 + -16))).
16
20 + -3 + 3 + (-5 - -8 - -5)
28
Calculate -30 + 1 + (35 - (-42 - -33)).
15
What is the value of 830 + -811 + -2 + 7 + 48?
72
What is the value of (22 - 26) + (-125 - -113) + 1 + 57?
42
22 + (-30 + -29 + -3 - -21)
-19
What is the value of -54 - (-71 + -45 + 98)?
-36
What is 20 - 4 - (49 - 21)?
-12
15 + -1 + -6 + -22 + -82 + (7 - 10)
-99
-3 + -8 + -20 + 14 - (1 + -9)
-9
Evaluate (-2008 - -2054) + 1 + -129 + 41.
-41
Calculate -79 - (-32 + -1 + -56).
10
What is (3 - 2) + 19 + -17 + 10 + 3?
16
Evaluate -1 + 0 + 3 + 42 - (-71 - 29 - -112).
32
What is 3 - 23 - (-15 + 115 + -12 + -17)?
-91
What is the value of -902 + 864 - (3 + -8)?
-33
(-8 - (-5 + -8)) + -70 + 22
-43
0 + 26 + -216 + 6 + 222
38
Calculate (-94 - (209 - 297)) + -38 + (0 - 1).
-45
9 + -70 - (-135 + 32)
42
Calculate 3 + -135 + 9 - ((-20 - -9) + 1).
-113
What is the value of (40 - 4 - 41) + (0 - (-44 + -2))?
41
What is -594 - -649 - (0 + -1 - -10)?
46
Calculate (-33 - (-11 - (8 + -9))) + -120 + 34.
-109
Calculate 3 + (72 - (27 + -3)).
51
What is the value of (-20 + -3 - -12) + 15 - (2 + -4 - -36)?
-30
Evaluate 96 - (3 - 5) - (35 - 25 - (-8 - -19)).
99
What is the value of -141 - -130 - (-8 + 40)?
-43
What is 50 + -13 - (168 - 129)?
-2
Calculate 120 - (-33 - (-273 + 114)).
-6
(80 - (65 + 95)) + 29
-51
(-111 - (-143 + 79)) + -2
-49
84 + -119 + -69 + 81
-23
What is the value of (2 - 4) + -6 + 1 - (-1841 + 1825)?
9
What is the value of (-20 - -194) + -170 - (1 + -1 - (4 - 1))?
7
-150 + 104 + 177 - 24
107
(-6 - (-2 + -2)) + (2 + -2 - 2)
-4
What is -6 + (-888 + 912 - (40 - -1))?
-23
What is the value of (-4 - (41 - 2)) + (1128 - 1112)?
-27
Evaluate (-13 - 0) + 1 + 17 - -2.
7
Evaluate (-29 - (1 - 2)) + -279 + (623 - 331).
-15
What is (0 - 37) + (60 - (-43 - -106))?
-40
What is the value of 49 - (13 - -39 - 40 - (1 + 4 - 0))?
42
What is 97 - 0 - (9805 + -9693)?
-15
What is 266 + -168 + (-21 - 0 - -4)?
81
Evaluate 129 - (2 - 1) - (39 + (34 - -11) - 84).
128
What is the value of 16 + (-20 + 34 - 36) - -19?
13
What is the value of -49 - 6 - ((-7 - -1) + (28 - 27))?
-50
What is the value of -69 - ((8 + 12 - 9) + -4) - 3 - -8?
-71
Calculate 11 - (133 + -80 + 2 + 36).
-80
Evaluate -4 - ((0 - (-9 + 7)) + 40).
-46
What is -74 - (-21 - 25) - -1?
-27
Calculate (58 - (80 + -39)) + (4 - 1).
20
Evaluate 18 - (-10 - -28) - 26 - ((-7 - 0) + 1).
-20
Calculate (15 - -1) + (22 - (4 - -37)).
-3
What is the value of -36 + (-53 + -50 + 84 - (1 + -8))?
-48
Calculate -49 - -16 - -65 - 22.
10
What is 89 - (-32 - (20 + -241))?
-100
Calculate 11 - 3 - (423 + -444).
29
What is (-18 - 7 - -18 - -17) + (15 - 53)?
-28
What is -80 - (-142 - (-6 + -15))?
41
What is 0 + 1 + -76 + (1 - -7)?
-67
Evaluate 6 + 57 + 0 + -47.
16
What is -125 - ((24 - 35 - 47) + 20)?
-87
Evaluate 16 + (-3 - 14) + -2 + 23.
20
48 + (-86 - -32) + -49
-55
-7 + 25 + -13 + (5 - -15)
25
What is -52 + 13 + 6 + 44?
11
Evaluate (2 - 44 - -2) + (-5 - (-17 + -3)) + -11.
-36
What is -14 + 8 + -129 + 114 + 4 + -50?
-67
Calculate 16 + (-102 - (8 + -3)) + 11 + 16.
-64
What is the value of (-1 + 36 - 2) + 0 + 58 + 33 + -97?
27
What is 33 + (6 - 14) + -17?
8
2 + (-3 - 2) - (14 + -4 + -16 - 17)
20
Evaluate -3474 + 3523 - (21 - 0).
28
Calculate (9 - (-8 - -20 - 3)) + 13 - 22.
-9
What is the value of (4 + 40 - 10 - -20) + -24?
30
What is -36 + 3 + (107 - 178 - -70)?
-34
Evaluate (-23 - (-6 - -5 - -10)) + 6.
-26
Calculate 3 + (-6 - (29 + -20) - 99).
-111
What is the value of 173 - (-37 + 227 + -90)?
73
What is the value of (30 - -56 - 85) + 12?
13
-2 + (114 + 6 - 9) + -13
96
What is 1224 + -1213 + (-62 - -2)?
-49
Calculate -2 + 12 + -39 + 22 + (2 - -54).
49
(24 - 3) + (-6 + 7 - (-30 - -45))
7
Calculate -35 + (-28 - 8 - -20).
-51
2 + -45 + -32 - (-11 - 17)
-47
-71 - (115 - 91 - 17)
-78
What is the value of -19 + -16 + -14 + 22 + -17?
-44
-27 + (1 - 1) + 256 + -257 + 2
-26
Evaluate 18 - (5 - ((2 - -1) + -6 + -84)).
-74
Evaluate 28 + 2 + -78 + (-32 - -112).
32
What is -87 + 134 - (5 - (19 - 10))?
51
What is the value of -5 - (8 - -16) - (-2 + 6) - 18?
-51
Evaluate 54 + 10 + (-5 - 10 - 1) + -12.
36
Evaluate (-51 - (-30 + -21)) + -4 + 8 + -57.
-53
Evaluate (-99 - -30) + 196 + -74.
53
What is the value of -1746 + 1798 + -27 + 0?
25
What is the value of 14 + (-12 - (0 + 0)) + (386 - 359)?
29
Calculate -50 + ((8 - (8 - 9)) + -22 - -5) + 13.
-45
Calculate (0 - 3) + -49 - (9 - -5 - -2 - 4).
-64
Evaluate (-2 + -5 + 13 - (1 + 9)) + 0.
-4
What is the value of 40 - ((-28 - 8) + 52)?
24
Evaluate (105 + -3 + 5 - (-44 + 46)) + 2 + 12.
119
Evaluate (-39 + 56 - (38 + -18)) + -42 + -1.
-46
What is the value of -12 + 4 + 9 - (6 - ((5 - 0) + -20))?
-20
Evaluate 43 + -22 + -43 + 1 + 51.
30
What is the value of 1 - (1 - (6 + (10 - 10)) - -12)?
-6
-3 - (-21 + 2) - (-862 - -983)
-105
(10 + -23 + -73 - -189) + (-7 - 1 - 0)
95
Evaluate 78 + 0 + (19 + -4 - 10 - (11 + 2)).
70
-11 + (238 - 242 - (-2 + 1 - (15 + 4)))
5
Calculate -1 + 95 - (-330 + 448).
-24
What is the value of -105 + 56 + 9 + -23 + -25?
-88
-18 + 15 - 27 - (1 + 9 - -4)
-44
What is (-31 - ((-14 - -4) + -12 + 6)) + 10?
-5
32 + -27 - 32 - (26 - 85)
32
What is 723 + -691 + -40 + -4 - (11 + 1)?
-24
Calculate (70 - 73) + 68 + -1 + (-15 - -9) + 2.
60
Evaluate (-21 - (7 - (-3 - -6) - 2)) + (2 - 15).
-36
-17 + (37 - (-26 - -76))
-30
What is the value of -6750 + 6786 + 32 + 1?
69
What is 106 - 110 - -11 - 21?
-14
45 - 7 - 17 - (-7 + 4)
24
Calculate (-77 - -76) + -80 + 74.
-7
15 + 1 - (-55 + 13 + (21 - -116))
-79
Evaluate 10 - (8 + -14 + -15 + (-8 - (-12 + 8))).
35
What is -72 + (-28 - -197) - 9?
88
Calculate 7 + -2 + (77 - 1) + (-195 - -199).
85
What is (1 - 1) + 11 - (-479 + 477)?
13
Evaluate 18 + -17 - (3 - (0 + 3 - 73)) - -2.
-70
What is the value of (21 - 43) + -1 + 17 - -69?
63
3 + 5 - (16 - (17 + -53 + 17))
-27
What is -14 + 47 + -15 + 22 + -15?
25
Evaluate -119 + (-104 - -147) - -4.
-72
What is the value of 26 + (292 - 296) + (2 - 23)?
1
(0 - (19 + 2)) + (3073 - 2997)
55
Evaluate -73 + 53 + -12 + -2 - (-2 - -3 - -7).
-42
Evaluate 79 - (-15 - (-1 + (-47 - -9))).
55
What is -40 - ((641 - 781) + 0 + 13)?
87
What is 69 + (-12 - (13 + -8))?
52
What is (-11 - (-18 - -6 - -5)) + -23 + 74?
47
What is the value of 10 - (7 + 5 - (-18 + 37)) - -3?
20
What is -24 - -3 - (-23 - (4 + -27))?
-21
-22 - -69 - 155 - (-4 - 28)
-76
What is the value of (109 - 85) + (-2 + 6 - -17)?
45
What is (16 - 1) + -4 + (-32 - -6) + 74?
59
Evaluate -6 - 1 - ((3 - (1 + 8)) + (-1 - -17)).
-17
What is -18 - 14 - -12 - 24?
-44
What is -4 - (-5 + -8) - (-28 + -61 + 14)?
84
What is (2 + 15 - (0 + -2 - (290 - 283))) + -6?
20
What is the value of 19 - ((-32 - (6 - 49)) + 1 + 30)?
-23
What is the value of (3 - 21) + (-139 + 59 - -71)?
-27
What is the value of (331 - 124) + -205 - (-1 + 28)?
-25
What is (-114 - -42 - -210) + 5?
143
246 - (5 - -122) - 16
103
Calculate 51 + (-36 - 21) + 8.
2
What is the value of -1 - -38 - 6 - 44?
-13
What is the value of -55 - ((6 - -6) + -6 + (-21 - 6) - -11)?
-45
What is the value of -4893 + 4881 - (-2 - -5)?
-15
Evaluate (34 - 69) + 41 + (2 - 21).
-13
Calculate 60 - 24 - (-18 + -17 + 2).
69
Calculate (12 - 9 - 54) + -8 - (-17 + 3).
-45
Calculate -32 + 1 - (106 - 226 - 28).
117
Calculate 49 + -85 + (41 - 37).
-32
Calculate -47 - (-42 + 13 + 6).
-24
Calculate 6 + (13 + -1 - (-87 - -89)) + -8.
8
What is (1 - -18 - (-15 - (8 + -32))) + -1 + -2?
7
What is the value of -2 - -4 - -2 - (-162 - -58)?
108
What is the value of -19 + (-2 - -2 - (86 - 66) - -7)?
-32
786 - 817 - (-3 - -10)
-38
What is (-4 - -2 - -5) + (-7 - (-12 + 20 + -5))?
-7
What is the value of (2 - 1 - 26) + -37 + 341 + -244?
35
Evaluate (58 - 73) + 22 + 10.
17
Evaluate -20 + 49 - 54 - -27.
2
1 + -14 - 81 - (30 - 19 - 8)
-97
What is (99 - (114 + -13)) + 1 + -2 + -19?
-22
Evaluate -102 + 88 + (-24 + 30 - (-2 + -1)).
-5
Evaluate (-23 - (-11 + -1 - 5)) + -37.
-43
Evaluate 55 + 16 - (3 - (4 - (-8 - -5)) - 8).
83
What is -28 + (-79 + 3 - 22) - -14?
-112
21 + (-13 - 2) + -1 + -49 + -1
-45
(19 - 91) + 2 + (-15 - -8)
-77
What is -1 - (2 - (-8 + -30) - (-19 - -24))?
-36
Calculate 14 - 39 - (4 + -9) - (-1 - -10).
-29
What is the value of ((4 - 50) + 48 - (-1 + -14)) + 10?
27
W